{"id":51,"date":"2021-04-12T22:11:12","date_gmt":"2021-04-12T22:11:12","guid":{"rendered":"http:\/\/demo.hashthemes.com\/square\/?page_id=51"},"modified":"2021-04-12T22:11:12","modified_gmt":"2021-04-12T22:11:12","slug":"become-successful-superior","status":"publish","type":"page","link":"https:\/\/idedie.edu.mx\/?page_id=51","title":{"rendered":"Become Successful  &#038; Superior"},"content":{"rendered":"<ul>\n<li style=\"text-align: justify;\">Contamos con Registro ante la Secretaria de Educaci\u00f3n P\u00fablica y Ante La Secretaria de Trabajo y Previsi\u00f3n Social.<\/li>\n<li style=\"text-align: justify;\">Estudiar en una de las pocas <b>instituciones serias del pa\u00eds dedicadas a impartir la Alta Direcci\u00f3n<\/b>.<\/li>\n<li style=\"text-align: justify;\">Estudia con catedr\u00e1ticos especializados en la materia, con trayectorias sobresalientes y experiencias docente en universidades como UDLA CDMX, ITESM CDMX, Anahuac Norte, UNAM, IPN, UAEM Texcoco<\/li>\n<li style=\"text-align: justify;\">Materias que desarrollan y fortalecen las habilidades de inteligencia en Negocios y Gesti\u00f3n de operaciones.<\/li>\n<li style=\"text-align: justify;\">Contar\u00e1s con una de las bibliotecas empresariales mas completas en la regi\u00f3n.<\/li>\n<li style=\"text-align: justify;\">Ingles empresarial el cu\u00e1l al finalizar se les otorga un Certificado de ingl\u00e9s empresarial avalado ante la Secretaria del Trabajo y Previsi\u00f3n Social (STPS).<\/li>\n<li>Aplicaci\u00f3n de los conocimientos a sus empresas para la mejora de rentabilidad\/Competitividad<\/li>\n<\/ul>\n","protected":false},"excerpt":{"rendered":"<p>Curabitur tempus dui eu tempus pulvinar. Curabitur in neque odio. Nam eu pretium dui. Fusce porttitor metus non elementum viverra. Phasellus vehicula velit arcu, eu gravida neque molestie vitae. Vestibulum fringilla porttitor velit.<\/p>\n","protected":false},"author":1,"featured_media":0,"parent":0,"menu_order":0,"comment_status":"closed","ping_status":"closed","template":"","meta":{"footnotes":""},"class_list":["post-51","page","type-page","status-publish","hentry"],"_links":{"self":[{"href":"https:\/\/idedie.edu.mx\/index.php?rest_route=\/wp\/v2\/pages\/51","targetHints":{"allow":["GET"]}}],"collection":[{"href":"https:\/\/idedie.edu.mx\/index.php?rest_route=\/wp\/v2\/pages"}],"about":[{"href":"https:\/\/idedie.edu.mx\/index.php?rest_route=\/wp\/v2\/types\/page"}],"author":[{"embeddable":true,"href":"https:\/\/idedie.edu.mx\/index.php?rest_route=\/wp\/v2\/users\/1"}],"replies":[{"embeddable":true,"href":"https:\/\/idedie.edu.mx\/index.php?rest_route=%2Fwp%2Fv2%2Fcomments&post=51"}],"version-history":[{"count":1,"href":"https:\/\/idedie.edu.mx\/index.php?rest_route=\/wp\/v2\/pages\/51\/revisions"}],"predecessor-version":[{"id":622,"href":"https:\/\/idedie.edu.mx\/index.php?rest_route=\/wp\/v2\/pages\/51\/revisions\/622"}],"wp:attachment":[{"href":"https:\/\/idedie.edu.mx\/index.php?rest_route=%2Fwp%2Fv2%2Fmedia&parent=51"}],"curies":[{"name":"wp","href":"https:\/\/api.w.org\/{rel}","templated":true}]}}