{"id":41,"date":"2015-10-04T18:26:39","date_gmt":"2015-10-04T18:26:39","guid":{"rendered":"http:\/\/demo.hashthemes.com\/square\/?page_id=41"},"modified":"2021-04-12T21:12:37","modified_gmt":"2021-04-12T21:12:37","slug":"about-us","status":"publish","type":"page","link":"https:\/\/idedie.edu.mx\/?page_id=41","title":{"rendered":"NOSOTROS"},"content":{"rendered":"\n<h6 class=\"wp-block-heading\"><\/h6>\n\n\n\n<p>El siglo XXI ofrece una serie de nuevos retos a las organizaciones tanto privadas como p\u00fablicas, debido a que el nuevo entorno configurado por el fen\u00f3meno de la globalizaci\u00f3n, la gran competencia nacional e internacional, el entorno din\u00e1mico y turbulento, demandan nuevos paradigmas de modelos de negocios altamente influenciados por la tecnolog\u00eda, el conocimiento y la informaci\u00f3n, las organizaciones deber\u00e1n responder a esos nuevos retos a trav\u00e9s de directivos profesionales, altamente capacitados, con una nueva forma de pensar y actuar, acorde a los nuevos modelos de la econom\u00eda digital, con un enfoque social para que las empresas aprovechen las nuevas oportunidades, y en el peor de los casos sobrevivan mediante nuevos modelos de direcci\u00f3n con un \u00e9nfasis en el factor humano y en la innovaci\u00f3n.<\/p>\n\n\n\n<p>En relaci\u00f3n a este nuevo escenario del Siglo XXI, surge IDEDIE que pretende contribuir al desarrollo y perfeccionamiento de directivos de todos los niveles de empresas p\u00fablicas y privadas para que puedan enfrentar satisfactoriamente estos nuevos desaf\u00edos que presenta la nueva realidad. <strong>Siendo IDEDIE de las pocas Instituciones especializadas en el tema de Alta Direcci\u00f3n en el Pa\u00eds.<\/strong><\/p>\n","protected":false},"excerpt":{"rendered":"<p>El siglo XXI ofrece una serie de nuevos retos a las organizaciones tanto privadas como p\u00fablicas, debido a que el nuevo entorno configurado por el fen\u00f3meno de la globalizaci\u00f3n, la [&hellip;]<\/p>\n","protected":false},"author":1,"featured_media":0,"parent":0,"menu_order":0,"comment_status":"closed","ping_status":"closed","template":"","meta":{"footnotes":""},"class_list":["post-41","page","type-page","status-publish","hentry"],"_links":{"self":[{"href":"https:\/\/idedie.edu.mx\/index.php?rest_route=\/wp\/v2\/pages\/41","targetHints":{"allow":["GET"]}}],"collection":[{"href":"https:\/\/idedie.edu.mx\/index.php?rest_route=\/wp\/v2\/pages"}],"about":[{"href":"https:\/\/idedie.edu.mx\/index.php?rest_route=\/wp\/v2\/types\/page"}],"author":[{"embeddable":true,"href":"https:\/\/idedie.edu.mx\/index.php?rest_route=\/wp\/v2\/users\/1"}],"replies":[{"embeddable":true,"href":"https:\/\/idedie.edu.mx\/index.php?rest_route=%2Fwp%2Fv2%2Fcomments&post=41"}],"version-history":[{"count":9,"href":"https:\/\/idedie.edu.mx\/index.php?rest_route=\/wp\/v2\/pages\/41\/revisions"}],"predecessor-version":[{"id":606,"href":"https:\/\/idedie.edu.mx\/index.php?rest_route=\/wp\/v2\/pages\/41\/revisions\/606"}],"wp:attachment":[{"href":"https:\/\/idedie.edu.mx\/index.php?rest_route=%2Fwp%2Fv2%2Fmedia&parent=41"}],"curies":[{"name":"wp","href":"https:\/\/api.w.org\/{rel}","templated":true}]}}